{"id":264,"date":"2017-11-28T19:21:53","date_gmt":"2017-11-28T19:21:53","guid":{"rendered":"http:\/\/www.labfelipesanz.es\/lab\/?page_id=264"},"modified":"2018-01-17T09:47:14","modified_gmt":"2018-01-17T09:47:14","slug":"horario","status":"publish","type":"page","link":"http:\/\/www.labfelipesanz.es\/lab\/index.php\/horario\/","title":{"rendered":"HORARIO"},"content":{"rendered":"<p style=\"text-align: center;\"><img loading=\"lazy\" decoding=\"async\" class=\"wp-image-442 alignleft\" src=\"http:\/\/www.labfelipesanz.es\/lab\/wp-content\/uploads\/2018\/01\/21839-293x300.jpg\" alt=\"\" width=\"153\" height=\"157\" srcset=\"http:\/\/www.labfelipesanz.es\/lab\/wp-content\/uploads\/2018\/01\/21839-293x300.jpg 293w, http:\/\/www.labfelipesanz.es\/lab\/wp-content\/uploads\/2018\/01\/21839.jpg 392w\" sizes=\"(max-width: 153px) 100vw, 153px\" \/>\u00a0 Abrimos:<\/p>\n<p style=\"text-align: center;\"><strong>\u00a0 \u00a0 \u00a0 09:00<\/strong>pm &#8211;\u00a0<strong>19:00<\/strong>pm<\/p>\n<p style=\"text-align: justify;\">\u00a0Tenemos a su disposici\u00f3n una aplicaci\u00f3n con la cual estar\u00e1 completamente informado de sus trabajos en tiempo real. Podr\u00e1 enviar y revisar el estado de sus\u00a0 trabajos, fases, solicitar cambios, a\u00f1adir fotos, ver etapas y localizarlos en todo momento.<\/p>\n","protected":false},"excerpt":{"rendered":"<p>\u00a0 Abrimos: \u00a0 \u00a0 \u00a0 09:00pm &#8211;\u00a019:00pm \u00a0Tenemos a su disposici\u00f3n una aplicaci\u00f3n con la cual estar\u00e1 completamente informado de sus trabajos en tiempo real. Podr\u00e1 enviar y revisar el estado de sus\u00a0 trabajos, fases, solicitar cambios, a\u00f1adir fotos, ver etapas y localizarlos en todo momento.<\/p>\n","protected":false},"author":1,"featured_media":0,"parent":0,"menu_order":0,"comment_status":"closed","ping_status":"closed","template":"","meta":{"sfsi_plus_gutenberg_text_before_share":"","sfsi_plus_gutenberg_show_text_before_share":"","sfsi_plus_gutenberg_icon_type":"","sfsi_plus_gutenberg_icon_alignemt":"","sfsi_plus_gutenburg_max_per_row":"","footnotes":""},"yoast_head":"<!-- This site is optimized with the Yoast SEO plugin v15.9.1 - https:\/\/yoast.com\/wordpress\/plugins\/seo\/ -->\n<title>HORARIO - Laboratorio Dental Felipe Sanz<\/title>\n<link rel=\"canonical\" href=\"http:\/\/www.labfelipesanz.es\/lab\/index.php\/horario\/\" \/>\n<meta property=\"og:locale\" content=\"es_ES\" \/>\n<meta property=\"og:type\" content=\"article\" \/>\n<meta property=\"og:title\" content=\"HORARIO - Laboratorio Dental Felipe Sanz\" \/>\n<meta property=\"og:description\" content=\"\u00a0 Abrimos: \u00a0 \u00a0 \u00a0 09:00pm &#8211;\u00a019:00pm \u00a0Tenemos a su disposici\u00f3n una aplicaci\u00f3n con la cual estar\u00e1 completamente informado de sus trabajos en tiempo real. Podr\u00e1 enviar y revisar el estado de sus\u00a0 trabajos, fases, solicitar cambios, a\u00f1adir fotos, ver etapas y localizarlos en todo momento.\" \/>\n<meta property=\"og:url\" content=\"http:\/\/www.labfelipesanz.es\/lab\/index.php\/horario\/\" \/>\n<meta property=\"og:site_name\" content=\"Laboratorio Dental Felipe Sanz\" \/>\n<meta property=\"article:publisher\" content=\"https:\/\/www.facebook.com\/Laboratorio-Dental-Felipe-Sanz-SL-426593971062487\/\" \/>\n<meta property=\"article:modified_time\" content=\"2018-01-17T09:47:14+00:00\" \/>\n<meta property=\"og:image\" content=\"http:\/\/www.labfelipesanz.es\/lab\/wp-content\/uploads\/2018\/01\/21839-293x300.jpg\" \/>\n<meta name=\"twitter:card\" content=\"summary_large_image\" \/>\n<script type=\"application\/ld+json\" class=\"yoast-schema-graph\">{\"@context\":\"https:\/\/schema.org\",\"@graph\":[{\"@type\":\"Organization\",\"@id\":\"http:\/\/www.labfelipesanz.es\/lab\/#organization\",\"name\":\"Laboratorio Dental Felipe Sanz\",\"url\":\"http:\/\/www.labfelipesanz.es\/lab\/\",\"sameAs\":[\"https:\/\/www.facebook.com\/Laboratorio-Dental-Felipe-Sanz-SL-426593971062487\/\",\"http:\/\/www.labfelipesanz.es\/lab\/wp-content\/plugins\/ultimate-social-media-plus\/images\/icons_theme\/cute\/cute_instagram.png\",\"http:\/\/www.labfelipesanz.es\/lab\/wp-content\/plugins\/ultimate-social-media-plus\/images\/icons_theme\/cute\/cute_linkedin.png\",\"https:\/\/www.youtube.com\/channel\/UCB1uAvlmr9z6rxdPNw5Iu9w\"],\"logo\":{\"@type\":\"ImageObject\",\"@id\":\"http:\/\/www.labfelipesanz.es\/lab\/#logo\",\"inLanguage\":\"es\",\"url\":\"http:\/\/www.labfelipesanz.es\/lab\/wp-content\/uploads\/2016\/10\/LOGO_header.jpg\",\"width\":200,\"height\":172,\"caption\":\"Laboratorio Dental Felipe Sanz\"},\"image\":{\"@id\":\"http:\/\/www.labfelipesanz.es\/lab\/#logo\"}},{\"@type\":\"WebSite\",\"@id\":\"http:\/\/www.labfelipesanz.es\/lab\/#website\",\"url\":\"http:\/\/www.labfelipesanz.es\/lab\/\",\"name\":\"Laboratorio Dental Felipe Sanz\",\"description\":\"Portal web del laboratorio dental Felipe Sanz\",\"publisher\":{\"@id\":\"http:\/\/www.labfelipesanz.es\/lab\/#organization\"},\"potentialAction\":[{\"@type\":\"SearchAction\",\"target\":\"http:\/\/www.labfelipesanz.es\/lab\/?s={search_term_string}\",\"query-input\":\"required name=search_term_string\"}],\"inLanguage\":\"es\"},{\"@type\":\"ImageObject\",\"@id\":\"http:\/\/www.labfelipesanz.es\/lab\/index.php\/horario\/#primaryimage\",\"inLanguage\":\"es\",\"url\":\"http:\/\/www.labfelipesanz.es\/lab\/wp-content\/uploads\/2018\/01\/21839.jpg\",\"width\":392,\"height\":401},{\"@type\":\"WebPage\",\"@id\":\"http:\/\/www.labfelipesanz.es\/lab\/index.php\/horario\/#webpage\",\"url\":\"http:\/\/www.labfelipesanz.es\/lab\/index.php\/horario\/\",\"name\":\"HORARIO - Laboratorio Dental Felipe Sanz\",\"isPartOf\":{\"@id\":\"http:\/\/www.labfelipesanz.es\/lab\/#website\"},\"primaryImageOfPage\":{\"@id\":\"http:\/\/www.labfelipesanz.es\/lab\/index.php\/horario\/#primaryimage\"},\"datePublished\":\"2017-11-28T19:21:53+00:00\",\"dateModified\":\"2018-01-17T09:47:14+00:00\",\"breadcrumb\":{\"@id\":\"http:\/\/www.labfelipesanz.es\/lab\/index.php\/horario\/#breadcrumb\"},\"inLanguage\":\"es\",\"potentialAction\":[{\"@type\":\"ReadAction\",\"target\":[\"http:\/\/www.labfelipesanz.es\/lab\/index.php\/horario\/\"]}]},{\"@type\":\"BreadcrumbList\",\"@id\":\"http:\/\/www.labfelipesanz.es\/lab\/index.php\/horario\/#breadcrumb\",\"itemListElement\":[{\"@type\":\"ListItem\",\"position\":1,\"item\":{\"@type\":\"WebPage\",\"@id\":\"http:\/\/www.labfelipesanz.es\/lab\/\",\"url\":\"http:\/\/www.labfelipesanz.es\/lab\/\",\"name\":\"Portada\"}},{\"@type\":\"ListItem\",\"position\":2,\"item\":{\"@type\":\"WebPage\",\"@id\":\"http:\/\/www.labfelipesanz.es\/lab\/index.php\/horario\/\",\"url\":\"http:\/\/www.labfelipesanz.es\/lab\/index.php\/horario\/\",\"name\":\"HORARIO\"}}]}]}<\/script>\n<!-- \/ Yoast SEO plugin. -->","_links":{"self":[{"href":"http:\/\/www.labfelipesanz.es\/lab\/index.php\/wp-json\/wp\/v2\/pages\/264"}],"collection":[{"href":"http:\/\/www.labfelipesanz.es\/lab\/index.php\/wp-json\/wp\/v2\/pages"}],"about":[{"href":"http:\/\/www.labfelipesanz.es\/lab\/index.php\/wp-json\/wp\/v2\/types\/page"}],"author":[{"embeddable":true,"href":"http:\/\/www.labfelipesanz.es\/lab\/index.php\/wp-json\/wp\/v2\/users\/1"}],"replies":[{"embeddable":true,"href":"http:\/\/www.labfelipesanz.es\/lab\/index.php\/wp-json\/wp\/v2\/comments?post=264"}],"version-history":[{"count":13,"href":"http:\/\/www.labfelipesanz.es\/lab\/index.php\/wp-json\/wp\/v2\/pages\/264\/revisions"}],"predecessor-version":[{"id":445,"href":"http:\/\/www.labfelipesanz.es\/lab\/index.php\/wp-json\/wp\/v2\/pages\/264\/revisions\/445"}],"wp:attachment":[{"href":"http:\/\/www.labfelipesanz.es\/lab\/index.php\/wp-json\/wp\/v2\/media?parent=264"}],"curies":[{"name":"wp","href":"https:\/\/api.w.org\/{rel}","templated":true}]}}