{"id":59,"date":"2016-10-31T08:06:58","date_gmt":"2016-10-31T08:06:58","guid":{"rendered":"http:\/\/www.labfelipesanz.es\/lab\/?page_id=59"},"modified":"2018-01-30T10:45:32","modified_gmt":"2018-01-30T10:45:32","slug":"protesis-removible","status":"publish","type":"page","link":"http:\/\/www.labfelipesanz.es\/lab\/index.php\/protesis-removible\/","title":{"rendered":"Protesis removible"},"content":{"rendered":"<p><img loading=\"lazy\" decoding=\"async\" class=\"wp-image-142 alignleft\" src=\"http:\/\/www.labfelipesanz.es\/lab\/wp-content\/uploads\/2017\/10\/Completa-de-resina-maquillada-con-composite-300x179.jpg\" alt=\"\" width=\"227\" height=\"135\" srcset=\"http:\/\/www.labfelipesanz.es\/lab\/wp-content\/uploads\/2017\/10\/Completa-de-resina-maquillada-con-composite-300x179.jpg 300w, http:\/\/www.labfelipesanz.es\/lab\/wp-content\/uploads\/2017\/10\/Completa-de-resina-maquillada-con-composite-768x458.jpg 768w, http:\/\/www.labfelipesanz.es\/lab\/wp-content\/uploads\/2017\/10\/Completa-de-resina-maquillada-con-composite-1024x611.jpg 1024w\" sizes=\"(max-width: 227px) 100vw, 227px\" \/><\/p>\n<div style=\"text-align: justify;\">Se trata de la pr\u00f3tesis m\u00e1s convencional y se basa en la sustituci\u00f3n de dientes que est\u00e1n ausentes por medio de aparatos de quitar y poner por parte del paciente para facilitar la higiene oral de ellos. En este grupo podemos incluir las dentaduras completas o parciales.<\/div>\n<div style=\"text-align: justify;\">Nuestro laboratorio da una gran cobertura en todo tipo de <strong><em>pr\u00f3tesis removible<\/em><\/strong> para la confecci\u00f3n de aparatos de <strong>resina, flexite, esquel\u00e9ticos, rejillas<\/strong>, y una gran variedad de <strong><em>f\u00e9rulas<\/em><\/strong>: <strong>r\u00edgidas, blandas, mixtas, de blanqueamiento, deportivas quir\u00fargicas <\/strong>y<strong> radiol\u00f3gicas<\/strong>.<\/div>\n","protected":false},"excerpt":{"rendered":"<p>Se trata de la pr\u00f3tesis m\u00e1s convencional y se basa en la sustituci\u00f3n de dientes que est\u00e1n ausentes por medio de aparatos de quitar y poner por parte del paciente para facilitar la higiene oral de ellos. En este grupo podemos incluir las dentaduras completas o parciales. Nuestro laboratorio da una gran cobertura en todo [&hellip;]<\/p>\n","protected":false},"author":1,"featured_media":0,"parent":0,"menu_order":0,"comment_status":"closed","ping_status":"closed","template":"","meta":{"sfsi_plus_gutenberg_text_before_share":"","sfsi_plus_gutenberg_show_text_before_share":"","sfsi_plus_gutenberg_icon_type":"","sfsi_plus_gutenberg_icon_alignemt":"","sfsi_plus_gutenburg_max_per_row":"","footnotes":""},"yoast_head":"<!-- This site is optimized with the Yoast SEO plugin v15.9.1 - https:\/\/yoast.com\/wordpress\/plugins\/seo\/ -->\n<title>Protesis removible - Laboratorio Dental Felipe Sanz<\/title>\n<link rel=\"canonical\" href=\"http:\/\/www.labfelipesanz.es\/lab\/index.php\/protesis-removible\/\" \/>\n<meta property=\"og:locale\" content=\"es_ES\" \/>\n<meta property=\"og:type\" content=\"article\" \/>\n<meta property=\"og:title\" content=\"Protesis removible - Laboratorio Dental Felipe Sanz\" \/>\n<meta property=\"og:description\" content=\"Se trata de la pr\u00f3tesis m\u00e1s convencional y se basa en la sustituci\u00f3n de dientes que est\u00e1n ausentes por medio de aparatos de quitar y poner por parte del paciente para facilitar la higiene oral de ellos. En este grupo podemos incluir las dentaduras completas o parciales. Nuestro laboratorio da una gran cobertura en todo [&hellip;]\" \/>\n<meta property=\"og:url\" content=\"http:\/\/www.labfelipesanz.es\/lab\/index.php\/protesis-removible\/\" \/>\n<meta property=\"og:site_name\" content=\"Laboratorio Dental Felipe Sanz\" \/>\n<meta property=\"article:publisher\" content=\"https:\/\/www.facebook.com\/Laboratorio-Dental-Felipe-Sanz-SL-426593971062487\/\" \/>\n<meta property=\"article:modified_time\" content=\"2018-01-30T10:45:32+00:00\" \/>\n<meta property=\"og:image\" content=\"http:\/\/www.labfelipesanz.es\/lab\/wp-content\/uploads\/2017\/10\/Completa-de-resina-maquillada-con-composite-300x179.jpg\" \/>\n<meta name=\"twitter:card\" content=\"summary_large_image\" \/>\n<script type=\"application\/ld+json\" class=\"yoast-schema-graph\">{\"@context\":\"https:\/\/schema.org\",\"@graph\":[{\"@type\":\"Organization\",\"@id\":\"http:\/\/www.labfelipesanz.es\/lab\/#organization\",\"name\":\"Laboratorio Dental Felipe Sanz\",\"url\":\"http:\/\/www.labfelipesanz.es\/lab\/\",\"sameAs\":[\"https:\/\/www.facebook.com\/Laboratorio-Dental-Felipe-Sanz-SL-426593971062487\/\",\"http:\/\/www.labfelipesanz.es\/lab\/wp-content\/plugins\/ultimate-social-media-plus\/images\/icons_theme\/cute\/cute_instagram.png\",\"http:\/\/www.labfelipesanz.es\/lab\/wp-content\/plugins\/ultimate-social-media-plus\/images\/icons_theme\/cute\/cute_linkedin.png\",\"https:\/\/www.youtube.com\/channel\/UCB1uAvlmr9z6rxdPNw5Iu9w\"],\"logo\":{\"@type\":\"ImageObject\",\"@id\":\"http:\/\/www.labfelipesanz.es\/lab\/#logo\",\"inLanguage\":\"es\",\"url\":\"http:\/\/www.labfelipesanz.es\/lab\/wp-content\/uploads\/2016\/10\/LOGO_header.jpg\",\"width\":200,\"height\":172,\"caption\":\"Laboratorio Dental Felipe Sanz\"},\"image\":{\"@id\":\"http:\/\/www.labfelipesanz.es\/lab\/#logo\"}},{\"@type\":\"WebSite\",\"@id\":\"http:\/\/www.labfelipesanz.es\/lab\/#website\",\"url\":\"http:\/\/www.labfelipesanz.es\/lab\/\",\"name\":\"Laboratorio Dental Felipe Sanz\",\"description\":\"Portal web del laboratorio dental Felipe Sanz\",\"publisher\":{\"@id\":\"http:\/\/www.labfelipesanz.es\/lab\/#organization\"},\"potentialAction\":[{\"@type\":\"SearchAction\",\"target\":\"http:\/\/www.labfelipesanz.es\/lab\/?s={search_term_string}\",\"query-input\":\"required name=search_term_string\"}],\"inLanguage\":\"es\"},{\"@type\":\"ImageObject\",\"@id\":\"http:\/\/www.labfelipesanz.es\/lab\/index.php\/protesis-removible\/#primaryimage\",\"inLanguage\":\"es\",\"url\":\"http:\/\/www.labfelipesanz.es\/lab\/wp-content\/uploads\/2017\/10\/Completa-de-resina-maquillada-con-composite.jpg\",\"width\":3570,\"height\":2131},{\"@type\":\"WebPage\",\"@id\":\"http:\/\/www.labfelipesanz.es\/lab\/index.php\/protesis-removible\/#webpage\",\"url\":\"http:\/\/www.labfelipesanz.es\/lab\/index.php\/protesis-removible\/\",\"name\":\"Protesis removible - Laboratorio Dental Felipe Sanz\",\"isPartOf\":{\"@id\":\"http:\/\/www.labfelipesanz.es\/lab\/#website\"},\"primaryImageOfPage\":{\"@id\":\"http:\/\/www.labfelipesanz.es\/lab\/index.php\/protesis-removible\/#primaryimage\"},\"datePublished\":\"2016-10-31T08:06:58+00:00\",\"dateModified\":\"2018-01-30T10:45:32+00:00\",\"breadcrumb\":{\"@id\":\"http:\/\/www.labfelipesanz.es\/lab\/index.php\/protesis-removible\/#breadcrumb\"},\"inLanguage\":\"es\",\"potentialAction\":[{\"@type\":\"ReadAction\",\"target\":[\"http:\/\/www.labfelipesanz.es\/lab\/index.php\/protesis-removible\/\"]}]},{\"@type\":\"BreadcrumbList\",\"@id\":\"http:\/\/www.labfelipesanz.es\/lab\/index.php\/protesis-removible\/#breadcrumb\",\"itemListElement\":[{\"@type\":\"ListItem\",\"position\":1,\"item\":{\"@type\":\"WebPage\",\"@id\":\"http:\/\/www.labfelipesanz.es\/lab\/\",\"url\":\"http:\/\/www.labfelipesanz.es\/lab\/\",\"name\":\"Portada\"}},{\"@type\":\"ListItem\",\"position\":2,\"item\":{\"@type\":\"WebPage\",\"@id\":\"http:\/\/www.labfelipesanz.es\/lab\/index.php\/protesis-removible\/\",\"url\":\"http:\/\/www.labfelipesanz.es\/lab\/index.php\/protesis-removible\/\",\"name\":\"Protesis removible\"}}]}]}<\/script>\n<!-- \/ Yoast SEO plugin. -->","_links":{"self":[{"href":"http:\/\/www.labfelipesanz.es\/lab\/index.php\/wp-json\/wp\/v2\/pages\/59"}],"collection":[{"href":"http:\/\/www.labfelipesanz.es\/lab\/index.php\/wp-json\/wp\/v2\/pages"}],"about":[{"href":"http:\/\/www.labfelipesanz.es\/lab\/index.php\/wp-json\/wp\/v2\/types\/page"}],"author":[{"embeddable":true,"href":"http:\/\/www.labfelipesanz.es\/lab\/index.php\/wp-json\/wp\/v2\/users\/1"}],"replies":[{"embeddable":true,"href":"http:\/\/www.labfelipesanz.es\/lab\/index.php\/wp-json\/wp\/v2\/comments?post=59"}],"version-history":[{"count":13,"href":"http:\/\/www.labfelipesanz.es\/lab\/index.php\/wp-json\/wp\/v2\/pages\/59\/revisions"}],"predecessor-version":[{"id":478,"href":"http:\/\/www.labfelipesanz.es\/lab\/index.php\/wp-json\/wp\/v2\/pages\/59\/revisions\/478"}],"wp:attachment":[{"href":"http:\/\/www.labfelipesanz.es\/lab\/index.php\/wp-json\/wp\/v2\/media?parent=59"}],"curies":[{"name":"wp","href":"https:\/\/api.w.org\/{rel}","templated":true}]}}