{"id":66,"date":"2016-10-31T08:32:39","date_gmt":"2016-10-31T08:32:39","guid":{"rendered":"http:\/\/www.labfelipesanz.es\/lab\/?page_id=66"},"modified":"2018-01-30T10:50:12","modified_gmt":"2018-01-30T10:50:12","slug":"protesis-fija","status":"publish","type":"page","link":"http:\/\/www.labfelipesanz.es\/lab\/index.php\/protesis-fija\/","title":{"rendered":"Protesis fija"},"content":{"rendered":"<p style=\"text-align: justify;\"><img loading=\"lazy\" decoding=\"async\" class=\"wp-image-389 alignleft\" src=\"http:\/\/www.labfelipesanz.es\/lab\/wp-content\/uploads\/2018\/01\/DSC_0064-coronas-disilicato-con-logo-300x200.jpg\" alt=\"\" width=\"326\" height=\"218\" srcset=\"http:\/\/www.labfelipesanz.es\/lab\/wp-content\/uploads\/2018\/01\/DSC_0064-coronas-disilicato-con-logo-300x200.jpg 300w, http:\/\/www.labfelipesanz.es\/lab\/wp-content\/uploads\/2018\/01\/DSC_0064-coronas-disilicato-con-logo-768x512.jpg 768w, http:\/\/www.labfelipesanz.es\/lab\/wp-content\/uploads\/2018\/01\/DSC_0064-coronas-disilicato-con-logo-1024x683.jpg 1024w\" sizes=\"(max-width: 326px) 100vw, 326px\" \/>Las pr\u00f3tesis fijas, son pr\u00f3tesis completamente dentosoportadas, que toman apoyo \u00fanicamente en los dientes.<br \/>\nTodos nuestros trabajos est\u00e1n realizados por prot\u00e9sicos especializados para la realizaci\u00f3n de <em><strong>sobre dentaduras<\/strong> con barras<\/em> y <em>locator<\/em>, <em><strong>h<\/strong><strong><em>\u00ed<\/em>bridas<\/strong> de resina<\/em> y <em>cer\u00e1mica, <strong>coronas <\/strong><\/em>de <em><strong>metal cer\u00e1mica<\/strong>, de <strong>carillas<\/strong> e <strong>incrustaciones<\/strong> de <strong>composite<\/strong>, <strong>disilicato<\/strong>, <strong>zirconio<\/strong> y <strong>sobre implante<\/strong><\/em>.<\/p>\n<p style=\"text-align: justify;\"><strong>Tecnolog\u00eda CAD CAM\u00a0 \u00a0 <img loading=\"lazy\" decoding=\"async\" class=\" wp-image-232 alignright\" src=\"http:\/\/www.labfelipesanz.es\/lab\/wp-content\/uploads\/2016\/10\/JLL1301-web-logo-buena-300x200.jpg\" alt=\"\" width=\"305\" height=\"204\" srcset=\"http:\/\/www.labfelipesanz.es\/lab\/wp-content\/uploads\/2016\/10\/JLL1301-web-logo-buena-300x200.jpg 300w, http:\/\/www.labfelipesanz.es\/lab\/wp-content\/uploads\/2016\/10\/JLL1301-web-logo-buena-768x512.jpg 768w, http:\/\/www.labfelipesanz.es\/lab\/wp-content\/uploads\/2016\/10\/JLL1301-web-logo-buena-1024x683.jpg 1024w\" sizes=\"(max-width: 305px) 100vw, 305px\" \/><\/strong><\/p>\n<p style=\"text-align: justify;\">Es uno de los sistemas m\u00e1s novedosos dentro de la <strong>tecnolog\u00eda digital<\/strong>, el cual nos permite realizar el dise\u00f1o de pr\u00f3tesis mediante un ordenador proporcion\u00e1ndonos la posibilidad de reducir los posibles errores y obteniendo un gran \u00e9xito en los tratamientos.<\/p>\n","protected":false},"excerpt":{"rendered":"<p>Las pr\u00f3tesis fijas, son pr\u00f3tesis completamente dentosoportadas, que toman apoyo \u00fanicamente en los dientes. Todos nuestros trabajos est\u00e1n realizados por prot\u00e9sicos especializados para la realizaci\u00f3n de sobre dentaduras con barras y locator, h\u00edbridas de resina y cer\u00e1mica, coronas de metal cer\u00e1mica, de carillas e incrustaciones de composite, disilicato, zirconio y sobre implante. Tecnolog\u00eda CAD CAM\u00a0 [&hellip;]<\/p>\n","protected":false},"author":1,"featured_media":0,"parent":0,"menu_order":0,"comment_status":"closed","ping_status":"closed","template":"","meta":{"sfsi_plus_gutenberg_text_before_share":"","sfsi_plus_gutenberg_show_text_before_share":"","sfsi_plus_gutenberg_icon_type":"","sfsi_plus_gutenberg_icon_alignemt":"","sfsi_plus_gutenburg_max_per_row":"","footnotes":""},"yoast_head":"<!-- This site is optimized with the Yoast SEO plugin v15.9.1 - https:\/\/yoast.com\/wordpress\/plugins\/seo\/ -->\n<title>Protesis fija - Laboratorio Dental Felipe Sanz<\/title>\n<link rel=\"canonical\" href=\"http:\/\/www.labfelipesanz.es\/lab\/index.php\/protesis-fija\/\" \/>\n<meta property=\"og:locale\" content=\"es_ES\" \/>\n<meta property=\"og:type\" content=\"article\" \/>\n<meta property=\"og:title\" content=\"Protesis fija - Laboratorio Dental Felipe Sanz\" \/>\n<meta property=\"og:description\" content=\"Las pr\u00f3tesis fijas, son pr\u00f3tesis completamente dentosoportadas, que toman apoyo \u00fanicamente en los dientes. Todos nuestros trabajos est\u00e1n realizados por prot\u00e9sicos especializados para la realizaci\u00f3n de sobre dentaduras con barras y locator, h\u00edbridas de resina y cer\u00e1mica, coronas de metal cer\u00e1mica, de carillas e incrustaciones de composite, disilicato, zirconio y sobre implante. Tecnolog\u00eda CAD CAM\u00a0 [&hellip;]\" \/>\n<meta property=\"og:url\" content=\"http:\/\/www.labfelipesanz.es\/lab\/index.php\/protesis-fija\/\" \/>\n<meta property=\"og:site_name\" content=\"Laboratorio Dental Felipe Sanz\" \/>\n<meta property=\"article:publisher\" content=\"https:\/\/www.facebook.com\/Laboratorio-Dental-Felipe-Sanz-SL-426593971062487\/\" \/>\n<meta property=\"article:modified_time\" content=\"2018-01-30T10:50:12+00:00\" \/>\n<meta property=\"og:image\" content=\"http:\/\/www.labfelipesanz.es\/lab\/wp-content\/uploads\/2018\/01\/DSC_0064-coronas-disilicato-con-logo-300x200.jpg\" \/>\n<meta name=\"twitter:card\" content=\"summary_large_image\" \/>\n<meta name=\"twitter:label1\" content=\"Tiempo de lectura\">\n\t<meta name=\"twitter:data1\" content=\"1 minuto\">\n<script type=\"application\/ld+json\" class=\"yoast-schema-graph\">{\"@context\":\"https:\/\/schema.org\",\"@graph\":[{\"@type\":\"Organization\",\"@id\":\"http:\/\/www.labfelipesanz.es\/lab\/#organization\",\"name\":\"Laboratorio Dental Felipe Sanz\",\"url\":\"http:\/\/www.labfelipesanz.es\/lab\/\",\"sameAs\":[\"https:\/\/www.facebook.com\/Laboratorio-Dental-Felipe-Sanz-SL-426593971062487\/\",\"http:\/\/www.labfelipesanz.es\/lab\/wp-content\/plugins\/ultimate-social-media-plus\/images\/icons_theme\/cute\/cute_instagram.png\",\"http:\/\/www.labfelipesanz.es\/lab\/wp-content\/plugins\/ultimate-social-media-plus\/images\/icons_theme\/cute\/cute_linkedin.png\",\"https:\/\/www.youtube.com\/channel\/UCB1uAvlmr9z6rxdPNw5Iu9w\"],\"logo\":{\"@type\":\"ImageObject\",\"@id\":\"http:\/\/www.labfelipesanz.es\/lab\/#logo\",\"inLanguage\":\"es\",\"url\":\"http:\/\/www.labfelipesanz.es\/lab\/wp-content\/uploads\/2016\/10\/LOGO_header.jpg\",\"width\":200,\"height\":172,\"caption\":\"Laboratorio Dental Felipe Sanz\"},\"image\":{\"@id\":\"http:\/\/www.labfelipesanz.es\/lab\/#logo\"}},{\"@type\":\"WebSite\",\"@id\":\"http:\/\/www.labfelipesanz.es\/lab\/#website\",\"url\":\"http:\/\/www.labfelipesanz.es\/lab\/\",\"name\":\"Laboratorio Dental Felipe Sanz\",\"description\":\"Portal web del laboratorio dental Felipe Sanz\",\"publisher\":{\"@id\":\"http:\/\/www.labfelipesanz.es\/lab\/#organization\"},\"potentialAction\":[{\"@type\":\"SearchAction\",\"target\":\"http:\/\/www.labfelipesanz.es\/lab\/?s={search_term_string}\",\"query-input\":\"required name=search_term_string\"}],\"inLanguage\":\"es\"},{\"@type\":\"ImageObject\",\"@id\":\"http:\/\/www.labfelipesanz.es\/lab\/index.php\/protesis-fija\/#primaryimage\",\"inLanguage\":\"es\",\"url\":\"http:\/\/www.labfelipesanz.es\/lab\/wp-content\/uploads\/2018\/01\/DSC_0064-coronas-disilicato-con-logo.jpg\",\"width\":6000,\"height\":4000},{\"@type\":\"WebPage\",\"@id\":\"http:\/\/www.labfelipesanz.es\/lab\/index.php\/protesis-fija\/#webpage\",\"url\":\"http:\/\/www.labfelipesanz.es\/lab\/index.php\/protesis-fija\/\",\"name\":\"Protesis fija - Laboratorio Dental Felipe Sanz\",\"isPartOf\":{\"@id\":\"http:\/\/www.labfelipesanz.es\/lab\/#website\"},\"primaryImageOfPage\":{\"@id\":\"http:\/\/www.labfelipesanz.es\/lab\/index.php\/protesis-fija\/#primaryimage\"},\"datePublished\":\"2016-10-31T08:32:39+00:00\",\"dateModified\":\"2018-01-30T10:50:12+00:00\",\"breadcrumb\":{\"@id\":\"http:\/\/www.labfelipesanz.es\/lab\/index.php\/protesis-fija\/#breadcrumb\"},\"inLanguage\":\"es\",\"potentialAction\":[{\"@type\":\"ReadAction\",\"target\":[\"http:\/\/www.labfelipesanz.es\/lab\/index.php\/protesis-fija\/\"]}]},{\"@type\":\"BreadcrumbList\",\"@id\":\"http:\/\/www.labfelipesanz.es\/lab\/index.php\/protesis-fija\/#breadcrumb\",\"itemListElement\":[{\"@type\":\"ListItem\",\"position\":1,\"item\":{\"@type\":\"WebPage\",\"@id\":\"http:\/\/www.labfelipesanz.es\/lab\/\",\"url\":\"http:\/\/www.labfelipesanz.es\/lab\/\",\"name\":\"Portada\"}},{\"@type\":\"ListItem\",\"position\":2,\"item\":{\"@type\":\"WebPage\",\"@id\":\"http:\/\/www.labfelipesanz.es\/lab\/index.php\/protesis-fija\/\",\"url\":\"http:\/\/www.labfelipesanz.es\/lab\/index.php\/protesis-fija\/\",\"name\":\"Protesis fija\"}}]}]}<\/script>\n<!-- \/ Yoast SEO plugin. -->","_links":{"self":[{"href":"http:\/\/www.labfelipesanz.es\/lab\/index.php\/wp-json\/wp\/v2\/pages\/66"}],"collection":[{"href":"http:\/\/www.labfelipesanz.es\/lab\/index.php\/wp-json\/wp\/v2\/pages"}],"about":[{"href":"http:\/\/www.labfelipesanz.es\/lab\/index.php\/wp-json\/wp\/v2\/types\/page"}],"author":[{"embeddable":true,"href":"http:\/\/www.labfelipesanz.es\/lab\/index.php\/wp-json\/wp\/v2\/users\/1"}],"replies":[{"embeddable":true,"href":"http:\/\/www.labfelipesanz.es\/lab\/index.php\/wp-json\/wp\/v2\/comments?post=66"}],"version-history":[{"count":13,"href":"http:\/\/www.labfelipesanz.es\/lab\/index.php\/wp-json\/wp\/v2\/pages\/66\/revisions"}],"predecessor-version":[{"id":480,"href":"http:\/\/www.labfelipesanz.es\/lab\/index.php\/wp-json\/wp\/v2\/pages\/66\/revisions\/480"}],"wp:attachment":[{"href":"http:\/\/www.labfelipesanz.es\/lab\/index.php\/wp-json\/wp\/v2\/media?parent=66"}],"curies":[{"name":"wp","href":"https:\/\/api.w.org\/{rel}","templated":true}]}}